 3*s + q. What is the remainder when u(33) is divided by s?
2
Let f = -20363 + 20672. What is the remainder when f is divided by 157?
152
Let h(x) = 79*x**2 - 136*x - 284. Calculate the remainder when h(-2) is divided by 211.
93
Suppose -932 - 149 = -88*y + 87*y. Calculate the remainder when y is divided by 358.
7
Suppose -41*s + 744 = -37*s. Suppose 4*p = -106 + s. Calculate the remainder when p is divided by (0 - 1)/((-2)/6).
2
What is the remainder when 3697 is divided by (-1 - 35)/3*873/(-388)?
25
Let m(y) = 661*y**2 + 201*y - 202. What is the remainder when m(1) is divided by 14?
2
What is the remainder when 72 is divided by 17 + (-2 + -3 - -7)?
15
Let i be (-17)/(-2)*(-3 + (0 - -5)). Suppose -2*m - 3*m - 65 = 0. Let g = m + i. What is the remainder when g is divided by 3?
1
Let d = 6 - -38. Calculate the remainder when 5/(-3)*(-3 + (-3948)/70) is divided by d.
11
Let i = -75 - -61. Let z = i + 26. Calculate the remainder when 34 is divided by z.
10
Let o be 15/30*(-557 + 1). Let p = 329 + o. Calculate the remainder when p is divided by 49.
2
Let f = -36 + 125. Let k = -25 + f. Let p = -37 - -54. Calculate the remainder when k is divided by p.
13
Let f = 170 + -170. Suppose 3*k + 5*l = 7*l + 21, k - l - 7 = f. Let j = -11 - -128. Calculate the remainder when j is divided by k.
5
Calculate the remainder when 514 is divided by (-3 + 13)/(-1 - -3) + 26.
18
Let i(q) = 37*q + 78. Let g be i(-15). Let t = g + 910. What is the remainder when t is divided by 87?
85
Suppose -185*o + 116*o + 483 = 0. Calculate the remainder when 605 is divided by o.
3
Let a = 10035 + -6877. What is the remainder when a is divided by 109?
106
Let v(c) = -9*c**3 - 34*c**2 - 10*c - 4. Calculate the remainder when v(-6) is divided by 78.
74
Let b(m) = 8*m - 68*m**3 - 10*m**2 + 67*m**3 + 10*m**2 - 1 + 16*m**2. What is the remainder when b(16) is divided by 16?
15
Let k = -109 - -545. Let o = 449 - k. What is the remainder when 51 is divided by o?
12
Let u = 356 - 353. Suppose 83 = 2*w + 3*t, 0*w - u*t + 221 = 5*w. What is the remainder when w is divided by 7?
4
Let o = 29331 - 29198. Calculate the remainder when 19949 is divided by o.
132
Let d = -189 - -241. What is the remainder when 46 is divided by (-6110)/(-338) - 4/d?
10
Let x be 130/10 - (-1 - 0). Suppose -x = -z + 4*d, -4 = -d + 5*d. What is the remainder when 41 is divided by 105/z*4/6?
6
Let y = -510 - -609. Calculate the remainder when y is divided by 8.
3
Let b = -8136 - -8464. What is the remainder when b is divided by 16?
8
What is the remainder when (-22)/(-99) - (1/2 + (-93558)/108) is divided by 147?
131
Let w(r) = -r + 35. Let u be w(30). What is the remainder when 53 is divided by ((-2)/(-3 + u) - -3) + 20?
9
Let k = -38 - -40. Suppose 5*t + 39 = -2*m, -k*t = 4*m - 5*m - 42. Calculate the remainder when 88 is divided by 63/(-14)*m/6.
16
Let w(f) = -f**3 - 29*f**2 - 91*f - 64. Calculate the remainder when w(-26) is divided by 36.
22
Let n(d) = 27*d + 247. Let m be n(-9). Let r(t) = t**3 + 2*t**2 + t - 30. What is the remainder when r(m) is divided by 6?
4
Let r(c) = 3*c**2 + 20*c - 4. Let a = -128 + 121. Let x(t) = -t**2 - 7*t - 6. What is the remainder when x(-4) is divided by r(a)?
0
Suppose 4*x + 0*x = 184 + 3184. What is the remainder when x is divided by 37?
28
Let o = -6386 - -6508. Calculate the remainder when 301 is divided by o.
57
Let n(t) = 5*t + 18. Let x be n(8). Suppose -x*w = -27*w - 5983. What is the remainder when w is divided by 15?
13
Let i = -4 - -2. Let y be (i/3)/(3/9). Calculate the remainder when 48 is divided by (-1272)/(-90) + y/15.
6
Let v(o) be the second derivative of -8*o**2 + 0 - 5/2*o**3 - 1/12*o**4 + 4*o. What is the remainder when 111 is divided by v(-6)?
35
Let h = 308 - 212. Suppose 0 = h*v - 91*v. Calculate the remainder when 48 is divided by (v - 2)/(2 + (-108)/51).
14
Let q = -28978 + 31227. What is the remainder when q is divided by 26?
13
Let r(s) = 5*s**2 + s - 1. Suppose -2*o + 148 = 5*w, w = 6*o - o + 35. Calculate the remainder when w is divided by r(2).
9
Suppose 2*q - 4*s - 42 = 0, -2*q - 3*s - 26 = -40. Calculate the remainder when 813 is divided by q.
7
Suppose -12*q = -a - 4709, 9*q + 5*a - 1151 = 6*q. Calculate the remainder when 1213 is divided by q.
37
Calculate the remainder when ((-8812)/(-5) - -1) + 868/(-620) is divided by 126.
124
Let u = -19 + 33. Suppose -5*f = -4*f + 4*b - 143, -5*b + 506 = 4*f. What is the remainder when f is divided by (-535)/(-35) - 4/u?
14
Let d = 2429 - 2404. Calculate the remainder when 65 is divided by d.
15
Suppose -5*b - 8 = -43. Suppose 3*m - 450 = -b*m. Calculate the remainder when m is divided by ((-6)/9 + 7/6)*20.
5
Let j be 2 - (-42)/(-30) - 64/(-10). What is the remainder when 566/9 - (j/(-63) + 0) is divided by 34?
29
Let g be 15/15*(1 + -80). Let v(o) = 84*o - 1. Let n be v(-2). Let b = g - n. Calculate the remainder when b is divided by 31.
28
Suppose -3*b = -878*c + 881*c - 39, c = 2*b + 10. What is the remainder when 21 is divided by c?
9
Let h = -17499 - -17517. Calculate the remainder when 10961 is divided by h.
17
Suppose -5*n + 637 = 122. Suppose -56 = 14*j - 10*j. Calculate the remainder when n is divided by j/63 + (944/(-9))/(-4).
25
Suppose 15*a - 806 - 604 = 0. Let v = a + -87. What is the remainder when 110 is divided by v?
5
Suppose -2*u = 5*h - 256, -16*u = -14*u + 4*h - 252. Calculate the remainder when 932 is divided by u.
106
Let l(v) = v**2 - 21*v + 124. Let u be (-44)/(-4) + 10/(-25)*-5. Calculate the remainder when l(u) is divided by 6.
2
Calculate the remainder when 486 is divided by (-220100)/(-1488) - (-2)/24.
42
Let k(g) = 2*g**2 + 61*g - 553. What is the remainder when 1120 is divided by k(-38)?
15
Let g(s) = -73*s - 573. Calculate the remainder when 490 is divided by g(-9).
70
Let a be (-282)/(-1) - -4*27/(-36). Let m = -178 + a. Let v(n) = n**3 - 8*n**2 - 6*n. Calculate the remainder when m is divided by v(9).
20
Let u(a) = -a + 2. Let d be u(-5). Let m be (-94)/(-10) - (28/10)/d. Suppose -m*n - 20 = -10*n. Calculate the remainder when 76 is divided by n.
16
Suppose 5*q = -5*p + 1120, -24*q + 28*q = 3*p - 714. Calculate the remainder when p is divided by 24.
14
Let s(k) = -k**3 + 4*k**2 + 2*k + 4. Calculate the remainder when ((-16)/((-96)/18) - -223)*3/6 is divided by s(4).
5
Let j = 87 + -43. Suppose -103*l = -101*l - j. What is the remainder when l is divided by 17?
5
Suppose -2*t = 5 + 9. Let v = 8 + t. What is the remainder when (102 + v)*(1 + 0) is divided by 27?
22
Let j(o) = 4*o**2 + 12*o + 82. Let w(i) = -3*i**2 - 8*i - 54. Let k(g) = -5*j(g) - 7*w(g). What is the remainder when 102 is divided by k(-5)?
11
Let c(u) = 28*u + 115. Let y be c(-4). Suppose y*o = -o + 48. What is the remainder when 36 is divided by o?
0
Let c = -2122 - -9265. Calculate the remainder when c is divided by 9.
6
Suppose 20*c - 6996 = -46*c. Calculate the remainder when 187 is divided by c.
81
Let p be 46/(6 + (-39)/6). Let m = p + 111. Calculate the remainder when 92 is divided by m.
16
Let b(j) = 3*j**3 - 7*j**2 + 13*j - 12. Let h be b(5). Suppose 0 = 2*d + 235 - h. Let a = -30 - -44. Calculate the remainder when a is divided by d.
5
Suppose 12 = 10*y - 7*y. Suppose -4*m = -0*m - 4*x - 64, -44 = -3*m + y*x. Let g(r) = -58*r - 1. What is the remainder when g(-1) is divided by m?
17
Let g = -76 - -46. Suppose -b + 5*q = -12, -2*q = 4*b - 8 - 18. Calculate the remainder when (-2045)/g - (34/(-12) - -3) is divided by b.
5
Suppose 56*d + 35*d = -76*d + 8517. Let o(m) = m**3 - m**2 + 303. Calculate the remainder when o(0) is divided by d.
48
Suppose 0 = -5*t + 3157 - 2627. What is the remainder when t is divided by 73?
33
Let y(l) = -60 + 4*l + 8*l + 8*l - 19*l + 4*l. Calculate the remainder when y(17) is divided by 6.
1
Let t be 1/(((-8)/12)/(-2)). Let y be (2 - 5)/(5/((-15)/t)). Suppose 0 = y*b - 10*b + 168. Calculate the remainder when 43 is divided by b.
19
Calculate the remainder when 36159 is divided by ((-9)/126*2)/((-15)/11865).
112
Let t = -16 + 27. Let g(p) = p**3 - 11*p**2 + 5*p + 8. Calculate the remainder when g(t) is divided by (-10)/(-100) - 189/(-10) - 1.
9
Suppose 3*u + 279 = 3*a, -2*u = 3*a - 256 + 12. Calculate the remainder when 1200 is divided by a.
82
Suppose 5*a - 3263 = -4*c,